e prime factors of b?
2
Let q(k) = k**3 + 5*k**2 + 5*k + 4. Let h be q(-3). Let y = h + -3. Suppose y - 12 = -w. What are the prime factors of w?
2
What are the prime factors of 64 - (-6*1)/2?
67
Let s(h) = -h**2 + h + 6. Let o(r) = 2*r**2 - r - 12. Let x(g) = 3*o(g) + 5*s(g). What are the prime factors of x(4)?
2, 3
Let r(h) be the third derivative of -h**6/120 - 7*h**5/60 + h**4/3 - 3*h**2. Let t be r(-8). Suppose 2*y - 45 + 9 = t. What are the prime factors of y?
2, 3
Let f(o) = -4 - 11*o**2 + 12*o**2 + 8*o + 1. Let a be (-9)/((1 + -2)*-1). What are the prime factors of f(a)?
2, 3
Suppose 5*b + 2*w = 321, -9*w + 5*w - 138 = -2*b. List the prime factors of b.
5, 13
Suppose 5*t = 3*t + 68. Suppose -3*d + 88 = t. Suppose -51 = -3*y - d. List the prime factors of y.
11
Suppose 0 = 3*t - 2*t + 6. What are the prime factors of (-62)/t - 2/6?
2, 5
Let c(n) be the third derivative of -n**6/120 + 7*n**5/60 + 11*n**4/24 - n**3/3 - n**2. Let s be (-8)/60*-10*6. What are the prime factors of c(s)?
2, 11
Let d(t) = -t**3 - 5*t**2 - 10*t - 4. What are the prime factors of d(-5)?
2, 23
Let o(a) = 130*a + 5. List the prime factors of o(2).
5, 53
Suppose 9*l - 14*l = -140. What are the prime factors of l?
2, 7
Let w(r) = -19*r**3 - r. List the prime factors of w(-2).
2, 7, 11
Let s = -1 + 3. What are the prime factors of s?
2
Suppose -67 - 63 = -5*f. What are the prime factors of f?
2, 13
Let g(m) = -3*m - 5. Let q be g(-4). Let b = q - -11. What are the prime factors of b?
2, 3
Let l(t) = 9*t + 1. What are the prime factors of l(4)?
37
Let n = -2 - -10. List the prime factors of n.
2
Suppose 3*x + 126 - 702 = -5*a, 0 = 3*a - 4*x - 334. What are the prime factors of a?
2, 3, 19
Let j(h) = h**3 - 2*h**2 + h + 1. Let s be j(2). Suppose -19 = -3*v - f, 3*f + 34 = s*v + v. What are the prime factors of v?
7
Let m = -69 + 102. What are the prime factors of m?
3, 11
Let n(l) = l**2 - 2*l - 3. Let h be n(3). Suppose -3*o + 26 = 3*t - 2*o, 5*t + 3*o - 38 = h. Let b = 1 + t. What are the prime factors of b?
11
Suppose 4*k - 347 + 107 = 0. What are the prime factors of k?
2, 3, 5
Let n = 205 + -86. What are the prime factors of n?
7, 17
Let o = 12 - 8. Suppose f - 11 = -h, 5*f - 3 - o = 3*h. What are the prime factors of h?
2, 3
Let q(m) = 2*m**2 + 2*m + 3. Let y be q(-4). Suppose 2*z = 3*p + y, -4*p = z + 2 - 43. Suppose -39 = -4*r + z. List the prime factors of r.
3, 5
Suppose -p + 2*c = -5*p - 46, -5*c = -4*p - 67. Let m = p - -17. What are the prime factors of m?
2
Let r be 2/3 - 39/(-9). Suppose 3*a - 27 = 2*q + r, 5*q = -a + 39. List the prime factors of a.
2, 7
Suppose -4*z = -6*z + 120. What are the prime factors of z?
2, 3, 5
Suppose 0 = -4*l + l - 27. Let p(k) = -k + 4. What are the prime factors of p(l)?
13
Suppose -4*b + 7 = -3*a, 0*a + 18 = 3*b + 2*a. Suppose -5*y = 15, b*q + y - 27 = 6*y. Suppose -q*c + 13 = -2. List the prime factors of c.
5
Let d(h) = -h**3 - 5*h**2 - 8*h - 4. What are the prime factors of d(-5)?
2, 3
Let c(d) = d**2 + d**3 - 5*d - 12 + 3*d + 9*d**2. What are the prime factors of c(-10)?
2
Let f be 0 + -1 + 2 + 2. Suppose -5*d + 11 = f*y, 3*d + 31 = 5*y + 5*d. Let g = y + 1. What are the prime factors of g?
2
Suppose -2*z - 293 = -a - 7*z, 0 = -3*a + 5*z + 779. List the prime factors of a.
2, 67
Let r = 104 - 70. List the prime factors of r.
2, 17
Let b(u) = u**2 + 5*u - 3. Let t be b(-5). List the prime factors of (9 - -10) + 1*t.
2
Suppose -4*m + 1 = -3*b + 27, b - 11 = -m. Let v(u) = -u**3 + 11*u**2 - 8*u - 12. Let c be v(b). Suppose j - c = 9. What are the prime factors of j?
17
Suppose -2*u + 6 = 2*z - 14, 4*z = 5*u + 13. Suppose 5*x - 3*k + 9 = 0, 3*k - 9 = 3*x + x. Suppose -h + z = -x*h. What are the prime factors of h?
7
Let m be ((-14)/(-8))/(3/(-12)). Let k = -7 - m. Suppose 2*o - 2 - 2 = k. List the prime factors of o.
2
Suppose -5*a = -2*y + 135, 88 - 16 = y - a. List the prime factors of y.
3, 5
Let d = 175 + -108. List the prime factors of d.
67
Suppose 5*t - 3 = 4*t. Suppose -5*k - 66 = -t*h, 28 = -7*k + 4*k - 4*h. What are the prime factors of 2/((-15)/k - 1)?
2
List the prime factors of (-4)/30 - (-1084)/30.
2, 3
Let n = -5 + 10. What are the prime factors of n?
5
Let z(d) = d**2 - 12*d - 9. Let w be z(11). List the prime factors of (-8)/w + 78/5.
2
Suppose 9 = -o + 2*w, -12 = 2*o - 5*w + 4*w. Let h be (4/o)/((-4)/10). Suppose 0 = -h*f - d + 15, 0 = -2*f - 5*d - 13 + 40. List the prime factors of f.
2, 3
Suppose 3*u - 12 = 15. List the prime factors of u.
3
Let x be 4/10 + 14/(-35). Suppose 5*s - 3*q - 95 = x, -5*s + 100 = -0*s - 4*q. What are the prime factors of s?
2
Let d(v) be the third derivative of 7*v**4/24 - v**3/2 + 6*v**2. What are the prime factors of d(2)?
11
Let p(x) be the first derivative of x**3/3 - 4*x**2 + 9*x + 1. What are the prime factors of p(7)?
2
Let q = -2 - 1. Let b(o) = -o - 1. Let j be b(-5). Let h = j - q. List the prime factors of h.
7
What are the prime factors of 15*4/(-12)*-3?
3, 5
Let v = -5 - -10. Let x = 7 - v. List the prime factors of x/8 - (-11)/4.
3
Let p(i) = -7*i + 41. List the prime factors of p(-6).
83
Let i = -34 - -76. Let f = i + -30. What are the prime factors of f?
2, 3
Let t(d) = 6*d + 7. List the prime factors of t(4).
31
Let x(z) = -z + 10. Let k be x(7). Suppose 15 = k*a + 2*a. Suppose 39 = 5*h - a*o, -o = -0 - 2. What are the prime factors of h?
3
Suppose 3*j = 4*j - 3*k + 8, -3*k = -4*j + 13. What are the prime factors of j?
7
Suppose -11*d = -8*d - 60. Suppose 0 = -o - o + d. List the prime factors of o.
2, 5
Suppose u + 3*u = 8. Let b(t) = 2*t**2 - 2*t - 2. Let o be b(u). Suppose 4*a + 11 = -w + 24, o*a - 3*w = -11. What are the prime factors of a?
2
Let f = -4 - -7. Let a(j) = -5*j**2 - j**f + j**2 - 3*j**2 + 2*j**2 - j + 1. List the prime factors of a(-5).
2, 3
Let j(h) be the first derivative of -5*h**3/6 + 2*h**2 - 5*h - 5. Let f(m) be the first derivative of j(m). What are the prime factors of f(-3)?
19
Suppose s + 5*u - 76 = -0*u, 4*s = -2*u + 232. List the prime factors of s.
2, 7
Suppose -2*w + 30 = -36. List the prime factors of w.
3, 11
Suppose -2*h + 4 = -2. Suppose -h*l + 2*l = -15. What are the prime factors of l?
3, 5
Let n = -4 + 5. Let s = 8 + n. List the prime factors of s.
3
Suppose 2*o + p - 4 = 0, o + 2*p - 2 = -0. Suppose 3*l = 2*l. Suppose l = r - o*r + 2. What are the prime factors of r?
2
Suppose 2*w + w = 102. What are the prime factors of w?
2, 17
Let n(d) = 1 - 8 - 2 + 7*d. List the prime factors of n(7).
2, 5
Suppose 4*o - 5*k = 3*o + 4, 0 = 5*o + 4*k - 78. Let p = o - -1. What are the prime factors of p?
3, 5
Suppose -3*k - 8 = k. Let a = 10 + k. What are the prime factors of a?
2
Let i(d) be the third derivative of d**6/120 + d**5/12 - 7*d**4/24 + 7*d**3/6 + d**2. List the prime factors of i(-6).
13
Suppose 445 = 3*v - 329. What are the prime factors of v?
2, 3, 43
Suppose 7*m + 60 = 515. List the prime factors of m.
5, 13
Suppose 0 = 4*t - 2*t - j - 7, 0 = -2*t - 2*j + 16. Let x(n) = -3*n - 19. Let b be x(-9). Let c = b - t. What are the prime factors of c?
3
Let y = 223 - 106. What are the prime factors of y?
3, 13
Suppose 0 = 2*j - 4*w - 28, -2*j - 3*w = -5*w - 38. Suppose -12*y + 16*y - j = 0. List the prime factors of y.
2, 3
Let n(b) = -b**3 - 12*b**2 - 11*b + 3. What are the prime factors of n(-11)?
3
Let x(m) = 6*m**2 - m - 2. Let q(b) = -12*b**2 + 2*b + 5. Let v(s) = 2*q(s) + 5*x(s). What are the prime factors of v(1)?
5
Let p(f) = 76*f - 1. Let d be p(-1). Let u = -50 - d. What are the prime factors of u?
3
Suppose -a + c + 2 = -0*a, -5*c - 14 = -3*a. Let z be a + (16 - -3) - -1. What are the prime factors of z*((-7)/(-2) + -3)?
3
Suppose -4*k = -3*k - 59. What are the prime factors of k?
59
Let t be ((-16)/(-10) - 2)*-5. Let l be (-4)/((t/6)/(-1)). Suppose 4*h - l - 36 = 0. List the prime factors of h.
2, 3
Suppose -18 = -0*j + 3*j. What are the prime factors of (-27)/j - 2/4?
2
Suppose -3*p - 4*o = -16, 0*o = 5*p - 4*o - 16. List the prime factors of (-162)/4*p/(-6).
3
Let u(r) = -r**3 - 2*r + 37. List the prime factors of u(0).
37
Suppose 5*z + 0*z - 15 = 0. Suppose -5 = z*y + 2*y. List the prime factors of ((-8)/(-3))/(y/(-3)).
2
Let q(g) = -g**2 + 7*g. Let p be q(7). Suppose p = 3*d + 2*n - 130, 2 = -d - n + 45. 